{"id":425,"date":"2022-01-27T11:05:06","date_gmt":"2022-01-27T11:05:06","guid":{"rendered":"https:\/\/pozytywnypies.pl\/?page_id=425"},"modified":"2024-01-10T21:03:49","modified_gmt":"2024-01-10T21:03:49","slug":"spacer-socjalizacyjny","status":"publish","type":"page","link":"https:\/\/pozytywnypies.pl\/index.php\/pozytywnypies\/oferta-krakow\/spacer-socjalizacyjny\/","title":{"rendered":"Spacer Socjalizacyjny"},"content":{"rendered":"<div id=\"pl-425\"  class=\"panel-layout\" ><div id=\"pg-425-0\"  class=\"panel-grid panel-no-style\" ><div id=\"pgc-425-0-0\"  class=\"panel-grid-cell\" ><div id=\"panel-425-0-0-0\" class=\"so-panel widget widget_sow-editor panel-first-child panel-last-child\" data-index=\"0\" ><div\n\t\t\t\n\t\t\tclass=\"so-widget-sow-editor so-widget-sow-editor-base\"\n\t\t\t\n\t\t><h3 class=\"widget-title\">Spacer Socjalizacyjny<\/h3>\n<div class=\"siteorigin-widget-tinymce textwidget\">\n\t<h2><\/h2>\n<p>Spacery socjalizacyjne to forma pracy z psami nad ich kompetencjami spo\u0142ecznymi w grupie. Poprzez umiej\u0119tne zarz\u0105dzanie \u015brodowiskiem i utrzymywanie odpowiednich odleg\u0142o\u015bci b\u0119dziemy pracowa\u0107 nad emocjami ps\u00f3w i kszta\u0142towa\u0107 po\u017c\u0105dane zachowania. W spacerze bierze udzia\u0142 <u>maksymalnie 4 psy.<\/u><\/p>\n<p>&nbsp;<\/p>\n<p>Na spacerze nauczysz si\u0119 jak reagowa\u0107 na zachowanie psa, aby budowa\u0107 jego zaufanie do Ciebie, poczucie bezpiecze\u0144stwa i kompetencje spo\u0142eczne. Spacer trwa ok 1,5h.<\/p>\n<p>&nbsp;<\/p>\n<p>Spacer socjalizacyjny dedykowany jest psom:<\/p>\n<ul>\n<li>reaktywnym<\/li>\n<li>maj\u0105cym problemy z ignorowaniem innych ps\u00f3w<\/li>\n<li>czuj\u0105cym si\u0119 niepewnie w obecno\u015bci kilku ps\u00f3w<\/li>\n<\/ul>\n<p>&nbsp;<\/p>\n<p><span style=\"color: #008080;\">Uwaga: je\u015bli Tw\u00f3j pies boi si\u0119 innych, lepszym rozwi\u0105zaniem b\u0119dzie spacer r\u00f3wnoleg\u0142y.<\/span><\/p>\n<p>Na spacer zabieramy:<\/p>\n<ul>\n<li>smycz lub link\u0119 (min. 3 metry)<\/li>\n<li>obro\u017c\u0119 lub szelki<\/li>\n<li>smako\u0142yki, ale o ich u\u017cyciu b\u0119dzie decydowa\u0142 instruktor<\/li>\n<li>wygodny, terenowy ubi\u00f3r<\/li>\n<\/ul>\n<p>&nbsp;<\/p>\n<p>Zasady obowi\u0105zuj\u0105ce na spacerze:<\/p>\n<ol>\n<li>Psy pozostaj\u0105 na smyczach, chyba, \u017ce instruktor zarz\u0105dzi inaczej<\/li>\n<li>Szanujemy psi\u0105 przestrze\u0144 - zakaz zbli\u017cania si\u0119 do innych ps\u00f3w, wchodzenia w bezpo\u015bredni kontakt bez zgody instruktora.<\/li>\n<li>Zakaz stosowania nagr\u00f3d (smaczk\u00f3w\/zabawek) bez zgody instruktora.<\/li>\n<\/ol>\n<p>W przypadku niekorzystnej pogody organizatorowi przys\u0142uguje prawo do odwo\u0142ania spaceru, o czym uczestnicy zostan\u0105 poinformowani z wyprzedzeniem. Organizator nie bierze odpowiedzialno\u015bci za psy i wyrz\u0105dzone przez nie szkody. Odpowiada za to przewodnik.<\/p>\n<p>Idealnie by\u0142oby, aby przewodnik, kt\u00f3ry chce uczestniczy\u0107 w takim spacerze zna\u0142 podstawy psiej komunikacji, podstawy pracy link\u0105 i na dystansie. W tym celu zapraszam najpierw na spacer r\u00f3wnoleg\u0142y.<\/p>\n<p>&nbsp;<\/p>\n<p><strong>Zapisy<\/strong>: kontakt@pozytywnypies.pl<\/p>\n<p>&nbsp;<\/p>\n<\/div>\n<\/div><\/div><\/div><div id=\"pgc-425-0-1\"  class=\"panel-grid-cell\" ><div id=\"panel-425-0-1-0\" class=\"so-panel widget widget_media_image panel-first-child panel-last-child\" data-index=\"1\" ><img loading=\"lazy\" decoding=\"async\" width=\"8688\" height=\"5792\" src=\"https:\/\/pozytywnypies.pl\/wp-content\/uploads\/2022\/01\/spacer-z-psem.jpeg\" class=\"image wp-image-426  attachment-full size-full\" alt=\"\" style=\"max-width: 100%; height: auto;\" \/><\/div><\/div><\/div><\/div>","protected":false},"excerpt":{"rendered":"<p>Spacery socjalizacyjne to forma pracy z psami nad ich kompetencjami spo\u0142ecznymi w grupie. Poprzez umiej\u0119tne zarz\u0105dzanie \u015brodowiskiem i utrzymywanie odpowiednich odleg\u0142o\u015bci b\u0119dziemy pracowa\u0107 nad emocjami ps\u00f3w i kszta\u0142towa\u0107 po\u017c\u0105dane zachowania. W spacerze bierze udzia\u0142 maksymalnie 4 psy. &nbsp; Na spacerze nauczysz si\u0119 jak reagowa\u0107 na zachowanie psa, aby budowa\u0107 jego zaufanie do Ciebie, poczucie bezpiecze\u0144stwa&hellip; <br \/> <a class=\"read-more\" href=\"https:\/\/pozytywnypies.pl\/index.php\/pozytywnypies\/oferta-krakow\/spacer-socjalizacyjny\/\">Dowiedz si\u0119 wi\u0119cej<\/a><\/p>\n","protected":false},"author":1,"featured_media":0,"parent":138,"menu_order":0,"comment_status":"closed","ping_status":"closed","template":"page-templates\/homepage.php","meta":{"footnotes":""},"class_list":["post-425","page","type-page","status-publish","hentry"],"_links":{"self":[{"href":"https:\/\/pozytywnypies.pl\/index.php\/wp-json\/wp\/v2\/pages\/425","targetHints":{"allow":["GET"]}}],"collection":[{"href":"https:\/\/pozytywnypies.pl\/index.php\/wp-json\/wp\/v2\/pages"}],"about":[{"href":"https:\/\/pozytywnypies.pl\/index.php\/wp-json\/wp\/v2\/types\/page"}],"author":[{"embeddable":true,"href":"https:\/\/pozytywnypies.pl\/index.php\/wp-json\/wp\/v2\/users\/1"}],"replies":[{"embeddable":true,"href":"https:\/\/pozytywnypies.pl\/index.php\/wp-json\/wp\/v2\/comments?post=425"}],"version-history":[{"count":14,"href":"https:\/\/pozytywnypies.pl\/index.php\/wp-json\/wp\/v2\/pages\/425\/revisions"}],"predecessor-version":[{"id":535,"href":"https:\/\/pozytywnypies.pl\/index.php\/wp-json\/wp\/v2\/pages\/425\/revisions\/535"}],"up":[{"embeddable":true,"href":"https:\/\/pozytywnypies.pl\/index.php\/wp-json\/wp\/v2\/pages\/138"}],"wp:attachment":[{"href":"https:\/\/pozytywnypies.pl\/index.php\/wp-json\/wp\/v2\/media?parent=425"}],"curies":[{"name":"wp","href":"https:\/\/api.w.org\/{rel}","templated":true}]}}